{"id":140,"date":"2014-01-29T17:15:25","date_gmt":"2014-01-29T17:15:25","guid":{"rendered":"http:\/\/www.alpesnet.org\/ustl\/?page_id=140"},"modified":"2026-08-25T12:26:02","modified_gmt":"2026-08-25T12:26:02","slug":"sciences","status":"publish","type":"page","link":"https:\/\/ustl-chambery.fr\/?page_id=140","title":{"rendered":"Sciences du vivant"},"content":{"rendered":"<p style=\"text-align: center;\"><span style=\"color: #ff0000;\"><strong>Adh\u00e9sion obligatoire pour participer \u00e0 ce cours<\/strong><\/span><\/p>\n<h3 style=\"text-align: center;\">Ce cours sera propos\u00e9 au 2\u00e8me trimestre (janvier-mars 2027)<\/h3>\n<p style=\"text-align: center;\">Programme disponible d\u00e9but d\u00e9cembre 2026<\/p>\n","protected":false},"excerpt":{"rendered":"<p>Adh\u00e9sion obligatoire pour participer \u00e0 ce cours Ce cours sera propos\u00e9 au 2\u00e8me trimestre (janvier-mars 2027) Programme disponible d\u00e9but d\u00e9cembre 2026<\/p>\n","protected":false},"author":1,"featured_media":1434,"parent":21,"menu_order":0,"comment_status":"closed","ping_status":"closed","template":"","meta":[],"_links":{"self":[{"href":"https:\/\/ustl-chambery.fr\/index.php?rest_route=\/wp\/v2\/pages\/140"}],"collection":[{"href":"https:\/\/ustl-chambery.fr\/index.php?rest_route=\/wp\/v2\/pages"}],"about":[{"href":"https:\/\/ustl-chambery.fr\/index.php?rest_route=\/wp\/v2\/types\/page"}],"author":[{"embeddable":true,"href":"https:\/\/ustl-chambery.fr\/index.php?rest_route=\/wp\/v2\/users\/1"}],"replies":[{"embeddable":true,"href":"https:\/\/ustl-chambery.fr\/index.php?rest_route=%2Fwp%2Fv2%2Fcomments&post=140"}],"version-history":[{"count":68,"href":"https:\/\/ustl-chambery.fr\/index.php?rest_route=\/wp\/v2\/pages\/140\/revisions"}],"predecessor-version":[{"id":2874,"href":"https:\/\/ustl-chambery.fr\/index.php?rest_route=\/wp\/v2\/pages\/140\/revisions\/2874"}],"up":[{"embeddable":true,"href":"https:\/\/ustl-chambery.fr\/index.php?rest_route=\/wp\/v2\/pages\/21"}],"wp:featuredmedia":[{"embeddable":true,"href":"https:\/\/ustl-chambery.fr\/index.php?rest_route=\/wp\/v2\/media\/1434"}],"wp:attachment":[{"href":"https:\/\/ustl-chambery.fr\/index.php?rest_route=%2Fwp%2Fv2%2Fmedia&parent=140"}],"curies":[{"name":"wp","href":"https:\/\/api.w.org\/{rel}","templated":true}]}}

<p style="text-align: center;"><span style="color: #ff0000;"><strong>Adhésion obligatoire pour participer à ce cours</strong></span></p>
<h3 style="text-align: center;">Ce cours sera proposé au 2ème trimestre (janvier-mars 2027)</h3>
<p style="text-align: center;">Programme disponible début décembre 2026</p>

<p>Adhésion obligatoire pour participer à ce cours Ce cours sera proposé au 2ème trimestre (janvier-mars 2027) Programme disponible début décembre 2026</p>
